False
Is 22345423871 a composite number?
False
Is 694076389 a composite number?
False
Is 8943752893 a composite number?
False
Is 27376199 a composite number?
False
Is 2075457347 prime?
False
Is 29027868421 composite?
True
Is 723297821 composite?
True
Is 2921349811 prime?
True
Is 11078984857 composite?
False
Is 146344089799 prime?
False
Is 10974979777 composite?
True
Is 1852334171 composite?
False
Is 68836571 a prime number?
False
Is 205670999 composite?
False
Is 37985934902 prime?
False
Is 290438471 composite?
False
Is 8107544411 a composite number?
True
Is 241419728839 composite?
True
Is 29032810669 a composite number?
False
Is 1240672451 composite?
True
Is 6414999527 a prime number?
True
Is 14611939051 a prime number?
True
Is 476364502 a composite number?
True
Is 572506615 a prime number?
False
Is 7863707317 a prime number?
True
Is 1211564797 a prime number?
True
Is 155162627 prime?
False
Is 18575454439 prime?
True
Is 55452813827 prime?
False
Is 32095795559 a prime number?
False
Is 1539348953 composite?
False
Is 1816537405 a prime number?
False
Is 1032555793 a prime number?
True
Is 342406459 prime?
True
Is 4074499883 a composite number?
True
Is 1067274437 a prime number?
False
Is 32599771513 a composite number?
False
Is 119299420789 a prime number?
True
Is 1512705409 a prime number?
True
Is 372478781 prime?
False
Is 1075785485 composite?
True
Is 3660546359 prime?
True
Is 126691323274 a composite number?
True
Is 57730354679 prime?
True
Is 104804172361 prime?
False
Is 51819634453 prime?
True
Is 11682556943 a composite number?
False
Is 33713749907 composite?
False
Is 12235166389 a prime number?
True
Is 15974404063 a composite number?
False
Is 17260608579 a prime number?
False
Is 5567461219 composite?
False
Is 4159491731 composite?
True
Is 5853326249 a prime number?
False
Is 481767859 prime?
True
Is 845445847 prime?
False
Is 332742647 prime?
True
Is 8303233 a prime number?
False
Is 1611939053 prime?
False
Is 717188753 prime?
False
Is 15995627 prime?
True
Is 419215789 prime?
True
Is 416830409 prime?
False
Is 14140019931 prime?
False
Is 15701072159 prime?
False
Is 74288327 a prime number?
False
Is 56303409343 prime?
False
Is 133911257 a prime number?
False
Is 18849705577 prime?
False
Is 34543088665 prime?
False
Is 759832565 a prime number?
False
Is 811999763 composite?
True
Is 2030403847 composite?
True
Is 1055296519 a composite number?
True
Is 6357917609 prime?
True
Is 78839887 composite?
True
Is 1378004893 a composite number?
False
Is 27046315561 prime?
False
Is 88776410461 composite?
True
Is 7561826227 composite?
False
Is 73034050945 prime?
False
Is 379188558491 a prime number?
False
Is 793610033 prime?
False
Is 361630877 prime?
False
Is 4108657741 prime?
False
Is 3275833427 a prime number?
True
Is 14105624993 composite?
False
Is 54221849 prime?
False
Is 3398693239 prime?
False
Is 16965976529 a prime number?
True
Is 725117519 composite?
True
Is 392272582007 composite?
True
Is 50514169 a composite number?
False
Is 2877140891 a prime number?
False
Is 156102204493 composite?
True
Is 2623949413 a composite number?
True
Is 717162007 prime?
True
Is 1418046065 a prime number?
False
Is 12724807409 prime?
True
Is 539741297 a composite number?
True
Is 42306316743 composite?
True
Is 14693009053 a composite number?
True
Is 1884439379 prime?
True
Is 26693327 a prime number?
False
Is 29185494109 a composite number?
False
Is 15234221399 prime?
False
Is 2089531547 composite?
True
Is 950851457 a composite number?
False
Is 163366995679 a composite number?
False
Is 9295375269 prime?
False
Is 5345781619 composite?
True
Is 7660757357 prime?
False
Is 5234670347 a composite number?
True
Is 5350825211 composite?
False
Is 6117032171 a prime number?
True
Is 601051613 a prime number?
True
Is 346985239 a prime number?
False
Is 40619669347 composite?
True
Is 1046005167 prime?
False
Is 3034917913 composite?
False
Is 415256081 composite?
False
Is 34349788129 a prime number?
False
Is 2863595859 a composite number?
True
Is 12319093921 a prime number?
True
Is 1033410319 a composite number?
True
Is 651841207 prime?
False
Is 79549334987 a composite number?
False
Is 468437383 prime?
False
Is 501298678 a composite number?
True
Is 126469362683 a prime number?
False
Is 3731723713 a composite number?
False
Is 27189307757 prime?
True
Is 3896002597 prime?
True
Is 1206750089 a composite number?
True
Is 7864942453 prime?
True
Is 970109027 composite?
False
Is 781039849 a composite number?
False
Is 1941816557 composite?
False
Is 1400020049 a composite number?
False
Is 651009991 a prime number?
False
Is 1057561529 a composite number?
False
Is 22250009 a prime number?
False
Is 14232654737 a composite number?
True
Is 540238681 a composite number?
True
Is 41356900289 composite?
False
Is 1974521399 a composite number?
False
Is 392539802563 prime?
True
Is 274170598873 a composite number?
False
Is 251620541 a composite number?
False
Is 32894879659 prime?
True
Is 106627674599 prime?
True
Is 45300902239 a composite number?
True
Is 33332399 a prime number?
False
Is 284335603 a prime number?
False
Is 83472544049 prime?
True
Is 3801157913 prime?
False
Is 426562471 a composite number?
False
Is 1842697673 a prime number?
False
Is 3178662337 a composite number?
False
Is 146043660407 prime?
False
Is 14582115263 a composite number?
True
Is 496979563 a prime number?
False
Is 13561575959 a composite number?
False
Is 280837813 a prime number?
False
Is 1879699253 prime?
True
Is 437015231 composite?
True
Is 1643932949 a prime number?
False
Is 14274236659 prime?
True
Is 1003934203 composite?
True
Is 110079796079 a composite number?
True
Is 2542475567 prime?
True
Is 26282986589 prime?
True
Is 196207971917 a prime number?
True
Is 1537197187 composite?
True
Is 17705108273 composite?
False
Is 703162777 a prime number?
True
Is 633743503 prime?
False
Is 1015457129 a composite number?
False
Is 32433149837 composite?
True
Is 3258159158 a prime number?
False
Is 106168003 prime?
False
Is 535603223 a composite number?
False
Is 14465478679 prime?
False
Is 8480464357 a prime number?
True
Is 338452259 prime?
True
Is 779711671 composite?
True
Is 3167318443 a prime number?
True
Is 39671509015 a composite number?
True
Is 722949299 prime?
True
Is 23197587667 composite?
False
Is 597223421 a prime number?
False
Is 3740863343 prime?
False
Is 3780984047 a composite number?
True
Is 249952711 a composite number?
True
Is 66685739 a composite number?
False
Is 3625751191 a composite number?
True
Is 27190229831 a prime number?
True
Is 97148131 a composite number?
False
Is 36649040431 prime?
True
Is 473554013 prime?
True
Is 33173774399 prime?
False
Is 1264662263 prime?
True
Is 154212613 prime?
False
Is 3138528251 prime?
True
Is 82052968629 a composite number?
True
Is 159908860049 composite?
False
Is 3368056357 a prime number?
False
Is 206843281 a prime number?
True
Is 1663095283 prime?
False
Is 19408907753 prime?
True
Is 49903433491 prime?
True
Is 1109189033 a composite number?
False
Is 4831673851 composite?
True
Is 3688885357 a prime number?
True
Is 2453645989 composite?
True
Is 2623636727 a prime number?
True
Is 21311279159 a prime number?
True
Is 2495672653 a composite number?
False
Is 69132718 a prime number?
False
Is 793016519 prime?
True
Is 1635692623 a composite number?
True
Is 87727547395 a prime number?
False
Is 23845701931 composite?
True
Is 12192004049 a composite number?
True
Is 4331338547 prime?
False
Is 68702307361 prime?
True
Is 472695523 a composite number?
True
Is 296585309 a prime number?
True
Is 2011267207 a composite number?
False
Is 299646953 a prime number?
False
Is 675610553 a prime number?
True
Is 23693179 a prime number?
False
Is 46606589363 composite?
True
Is 495895481 a prime number?
False
Is 11952586127 composite?
True
Is 174673237 prime?
False
Is 17973092029 a composite number?
False
Is 1482961063 composite?
True
Is 950036749 prime?
False
Is 10955950073 a composite number?
False
Is 60308918465 a composite number?
True
Is 25147354721 a composite number?
True
Is 27296008847 prime?
False
Is 5346952339 composite?
True
Is 960463853 a composite number?
False
Is 35256284029 composite?
True
Is 80627351577 composite?
True
Is 3762843167 a composite number?
False
Is 664600681 prime?
False
Is 3309641611 composite?
False